lse
Is 26715885 a multiple of 35?
True
Does 17 divide 43322120?
True
Does 3 divide 14079133?
False
Is 203926448 a multiple of 176?
True
Is 31485055 a multiple of 2065?
True
Is 65 a factor of 369555644?
False
Is 15 a factor of 1267161105?
True
Is 152821716 a multiple of 7?
False
Is 68 a factor of 1039986016?
True
Is 416508675 a multiple of 75?
True
Is 484 a factor of 17306215?
False
Does 30 divide 139361135?
False
Is 20 a factor of 46537060?
True
Is 3724564 a multiple of 4?
True
Is 312 a factor of 33194616?
True
Is 493960005 a multiple of 7315?
True
Does 25 divide 46661040?
False
Is 3766596538 a multiple of 29?
False
Is 20 a factor of 619780?
True
Does 15 divide 212838306?
False
Is 93152608 a multiple of 8?
True
Is 35 a factor of 3888223?
False
Does 806 divide 406224?
True
Does 1545 divide 60426495?
True
Is 15 a factor of 1902426440?
False
Does 19 divide 11887454?
False
Is 415028501 a multiple of 410?
False
Is 125 a factor of 56260744?
False
Is 80957116 a multiple of 787?
True
Is 126466166 a multiple of 75?
False
Is 84 a factor of 51727788?
True
Does 123 divide 4897521?
False
Is 33923262 a multiple of 38?
False
Is 480 a factor of 74329473?
False
Is 18 a factor of 233196648?
False
Is 1086680112 a multiple of 1218?
True
Is 73742655 a multiple of 15?
True
Does 3 divide 25898868?
True
Is 45 a factor of 20995810?
False
Is 115013982 a multiple of 73?
True
Is 10293 a factor of 461781561?
False
Does 2452 divide 957903193?
False
Does 235 divide 65633088?
False
Is 35 a factor of 129654455?
True
Is 62958915 a multiple of 5?
True
Is 38383504 a multiple of 37?
True
Does 4 divide 4209224?
True
Is 6 a factor of 299225720?
False
Does 5 divide 6881929?
False
Is 93 a factor of 55932153?
True
Does 18 divide 56704472?
False
Is 889927975 a multiple of 3675?
False
Is 32 a factor of 7115200?
True
Is 30 a factor of 39807600?
True
Is 68259729 a multiple of 447?
False
Is 24 a factor of 117408984?
True
Is 53 a factor of 105711680?
True
Is 20470833 a multiple of 6?
False
Is 56 a factor of 37435888?
True
Is 48174103 a multiple of 89?
False
Does 1820 divide 300401706?
False
Is 63327746 a multiple of 811?
True
Does 472 divide 87291680?
True
Does 849 divide 3847381821?
False
Is 39 a factor of 11406955?
False
Is 540537183 a multiple of 2?
False
Is 5562 a factor of 1037785770?
True
Does 4 divide 45696013?
False
Is 590 a factor of 26288385?
False
Is 116338833 a multiple of 2859?
False
Is 117376955 a multiple of 281?
False
Is 508334580 a multiple of 65?
True
Does 903 divide 41915454?
True
Is 832 a factor of 62249376?
False
Is 9 a factor of 5358978?
True
Is 2699665 a multiple of 51?
False
Does 29 divide 21316321?
False
Does 321 divide 28108748?
False
Is 287339742 a multiple of 2799?
True
Is 91 a factor of 1006296109?
True
Does 10 divide 17373160?
True
Is 19373639 a multiple of 101?
False
Is 18297548 a multiple of 30?
False
Does 59 divide 52141081?
False
Does 122 divide 44972982?
True
Is 98 a factor of 99582994?
True
Is 16 a factor of 207119944?
False
Does 734 divide 80370296?
False
Does 697 divide 665330478?
False
Is 159285294 a multiple of 1625?
False
Is 25 a factor of 1679452200?
True
Is 8616298 a multiple of 131?
False
Is 4557180594 a multiple of 419?
True
Does 62 divide 403240725?
False
Is 13 a factor of 1960558028?
True
Does 93 divide 120824722?
False
Does 67 divide 19383636?
True
Is 18 a factor of 11002070?
False
Is 1336 a factor of 23015944?
False
Does 71 divide 68010545?
True
Is 29 a factor of 496395030?
True
Does 329 divide 7811776?
True
Does 19 divide 16991453?
True
Does 1811 divide 425460276?
False
Is 8 a factor of 405490944?
True
Is 126822040 a multiple of 136?
True
Is 80 a factor of 137632725?
False
Is 499 a factor of 900357177?
True
Does 19 divide 197958696?
False
Is 29186753 a multiple of 587?
False
Does 35 divide 23283960?
True
Is 315 a factor of 1259213445?
True
Is 12852732 a multiple of 344?
False
Does 174 divide 66954191?
False
Is 9 a factor of 128032209?
True
Is 37862144 a multiple of 321?
False
Does 131 divide 839440271?
True
Is 71 a factor of 158923970?
False
Does 2398 divide 506354486?
True
Is 225 a factor of 146506104?
False
Does 77 divide 1678896070?
False
Is 4385326 a multiple of 11?
True
Does 8975 divide 4548542723?
False
Does 28 divide 217495803?
False
Is 34 a factor of 45270991?
False
Is 1231195808 a multiple of 6611?
False
Does 1031 divide 111609874?
True
Does 200 divide 50481736?
False
Does 1314 divide 94400388?
True
Is 261516 a multiple of 72?
False
Is 669 a factor of 48593159?
False
Is 21 a factor of 287354106?
False
Is 30368562 a multiple of 7?
True
Does 20 divide 1711597120?
True
Is 168229 a multiple of 46?
False
Is 147812669 a multiple of 110?
False
Does 138 divide 1966500?
True
Is 150 a factor of 97642650?
True
Is 906 a factor of 1617183570?
False
Is 45 a factor of 41957255?
False
Does 69 divide 14385933?
False
Does 1085 divide 188666310?
True
Is 2162 a factor of 4051981887?
False
Is 1229748341 a multiple of 953?
True
Does 262 divide 13035991?
False
Is 156 a factor of 5670106?
False
Does 887 divide 19250839?
False
Does 18 divide 57399606?
True
Does 4116 divide 655691148?
True
Does 15 divide 2652771465?
True
Is 13 a factor of 97571227?
True
Is 56828801 a multiple of 51?
False
Does 496 divide 545948734?
False
Is 15484111 a multiple of 11?
False
Is 97671432 a multiple of 138?
True
Is 242 a factor of 6838970?
False
Is 12132827 a multiple of 101?
True
Does 113 divide 199932482?
True
Is 18 a factor of 122594760?
True
Does 980 divide 1109036927?
False
Is 10 a factor of 61563907?
False
Is 644851368 a multiple of 23?
True
Is 304257787 a multiple of 79?
False
Is 609 a factor of 267351?
True
Is 684 a factor of 492931308?
False
Does 30 divide 294830130?
True
Does 33 divide 195224589?
False
Does 106 divide 85775836?
True
Is 5751613480 a multiple of 8849?
False
Is 410913468 a multiple of 6?
True
Is 21 a factor of 472970792?
False
Is 16 a factor of 1298415296?
True
Does 13 divide 9470764?
False
Does 8 divide 564099694?
False
Is 35 a factor of 3993055675?
True
Does 67 divide 2486277468?
False
Is 16 a factor of 112166528?
True
Is 349972 a multiple of 203?
True
Does 76 divide 164778883?
False
Is 141 a factor of 50193462?
True
Is 18 a factor of 74596716?
True
Is 514569174 a multiple of 6?
True
Is 306632041 a multiple of 47?
False
Is 58 a factor of 5801291?
False
Is 137 a factor of 274829737?
False
Does 206 divide 121076968?
False
Does 3952 divide 226828992?
True
Is 10567024 a multiple of 3?
False
Does 56 divide 4903026?
False
Is 21529223 a multiple of 779?
True
Is 6954640 a multiple of 129?
False
Is 2 a factor of 304860489?
False
Is 31382630 a multiple of 1703?
False
Does 236 divide 458445049?
False
Is 858169625 a multiple of 125?
True
Does 291 divide 4999356429?
True
Is 30000828 a multiple of 286?
True
Does 6 divide 110267502?
True
Is 19 a factor of 1486457457?
True
Does 1100 divide 529866700?
True
Does 273 divide 60858798?
True
Is 3186777 a multiple of 9?
False
Is 18 a factor of 31295652?
False
Does 23 divide 214155415?
True
Does 1034 divide 55919754?
True
Does 12 divide 156841044?
True
Does 21 divide 26447041?
False
Is 16 a factor of 278073881?
False
Is 202896251 a multiple of 3666?
False
Does 64 divide 4509312?
True
Is 130 a factor of 34355100?
True
Is 54716450 a multiple of 50?
True
Does 514 divide 3143471981?
False
Is 146 a factor of 1259250?
True
Is 4 a factor of 4608060?
True
Is 1351144914 a multiple of 21?
True
Is 117 a factor of 28503204?
False
Is 225514876 a multiple of 556?
False
Is 304457964 a multiple of 164?
True
Is 2138709862 a multiple of 2019?
False
Is 6 a factor of 13347315?
False
Is 14774509 a multiple of 26?
False
Is 6 a factor of 14553052?
False
Does 50 divide 393160550?
True
Is 18871892 a multiple of 49?
False
Is 16880640 a multiple of 628?
True
Is 1944 a factor of 618216722?
False
Does 28 divide 18072796?
True
Is 5768 a factor of 568724800?
True
Does 24 divide 9543079?
False
Does 41 divide 1295452933?
True
Is 175591358 a multiple of 704?
False
Is 295 a factor of 55514575?
True
Does 90 divide 39634650?
True
Does 157 divide 134129365?
False
Is 47019026 a multiple of 1094?
True
Is 39 a factor of 305994780?
True
Does 5 divide 11633396?
False
Does 177 divide 1302642?
False
Does 117 divide 81815030?
False
Is 303833246 a multiple of 26?
Fals